{"id":499,"date":"2021-03-11T09:23:49","date_gmt":"2021-03-11T09:23:49","guid":{"rendered":"http:\/\/lariviera1924.com\/?page_id=499"},"modified":"2022-01-30T13:19:09","modified_gmt":"2022-01-30T13:19:09","slug":"descrizione","status":"publish","type":"page","link":"https:\/\/lariviera1924.com\/?page_id=499","title":{"rendered":"Descrizione &#8211; La Riviera"},"content":{"rendered":"\t\t<div data-elementor-type=\"wp-page\" data-elementor-id=\"499\" class=\"elementor elementor-499\" data-elementor-settings=\"[]\">\n\t\t\t\t\t\t\t<div class=\"elementor-section-wrap\">\n\t\t\t\t\t\t\t<section class=\"elementor-section elementor-top-section elementor-element elementor-element-808c6b8 elementor-section-boxed elementor-section-height-default elementor-section-height-default\" data-id=\"808c6b8\" data-element_type=\"section\" data-settings=\"{&quot;shape_divider_top&quot;:&quot;curve&quot;}\">\n\t\t\t\t\t<div class=\"elementor-shape elementor-shape-top\" data-negative=\"false\">\n\t\t\t<svg xmlns=\"http:\/\/www.w3.org\/2000\/svg\" viewBox=\"0 0 1000 100\" preserveAspectRatio=\"none\">\n    <path class=\"elementor-shape-fill\" d=\"M1000,4.3V0H0v4.3C0.9,23.1,126.7,99.2,500,100S1000,22.7,1000,4.3z\"\/>\n<\/svg>\t\t<\/div>\n\t\t\t\t\t<div class=\"elementor-container elementor-column-gap-default\">\n\t\t\t\t\t<div class=\"elementor-column elementor-col-100 elementor-top-column elementor-element elementor-element-de5cac5\" data-id=\"de5cac5\" data-element_type=\"column\">\n\t\t\t<div class=\"elementor-widget-wrap elementor-element-populated\">\n\t\t\t\t\t\t\t\t<div class=\"elementor-element elementor-element-b07e45d elementor-invisible elementor-widget elementor-widget-text-editor\" data-id=\"b07e45d\" data-element_type=\"widget\" data-settings=\"{&quot;_animation&quot;:&quot;fadeInDown&quot;}\" data-widget_type=\"text-editor.default\">\n\t\t\t\t<div class=\"elementor-widget-container\">\n\t\t\t\t\t<div class=\"elementor-text-editor elementor-clearfix\"><p>La Riviera, si trova a Loreo (RO), in una posizione centralissima di fronte al canale Naviglio, vicina alla fermata dell&#8217;autobus e alla stazione ferroviaria. Nelle immediate adiacenze, sono presenti tutti i servizi quali bar, ristoranti, pizzerie da asporto, supermercati, gastronomia, negozi vari, gelateria e altro. L<span style=\"letter-spacing: 0.4px;\">&#8216;autodromo Adria International Raceway si trova a 5 minuti d&#8217;auto (4km) dalla locazione turistica. Inoltre le localit\u00e0 marittime di Rosolina Mare, Sottomarina, Chioggia e Albarella si trovano a circa 20 minuti d&#8217;auto.&nbsp;<\/span><\/p>\n<p><span style=\"letter-spacing: 0.4px;\">La struttura \u00e8 disposta su due piani ed \u00e8 composta da salotto, soggiorno, cucina, due camere da letto matrimoniali, due bagni, veranda e cortile interno. La Riviera offre una vista dalla terrazza sul canale e sul centro del paese. <\/span><\/p>\n<p><span style=\"letter-spacing: 0.4px;\">L&#8217;abitazione \u00e8 molto luminosa e arieggiata, particolarmente silenziosa e confortevole, con arredamento personalizzato nei minimi dettagli, elegante\/classico.&nbsp;<\/span><span style=\"letter-spacing: 0.4px;\">Nel retro \u00e8 disponibile un&#8217;area chiusa e aperta di relax dove \u00e8 possibile pranzare e prendere il sole. Presso la nostra struttura, l&#8217;ospite si sentir\u00e0 in un ambiente confortevole, accogliente e famigliare.&nbsp;<\/span><\/p><\/div>\n\t\t\t\t<\/div>\n\t\t\t\t<\/div>\n\t\t\t\t\t<\/div>\n\t\t<\/div>\n\t\t\t\t\t\t\t<\/div>\n\t\t<\/section>\n\t\t\t\t<section class=\"elementor-section elementor-top-section elementor-element elementor-element-d420760 elementor-section-boxed elementor-section-height-default elementor-section-height-default\" data-id=\"d420760\" data-element_type=\"section\">\n\t\t\t\t\t\t<div class=\"elementor-container elementor-column-gap-default\">\n\t\t\t\t\t<div class=\"elementor-column elementor-col-100 elementor-top-column elementor-element elementor-element-5d19432\" data-id=\"5d19432\" data-element_type=\"column\">\n\t\t\t<div class=\"elementor-widget-wrap elementor-element-populated\">\n\t\t\t\t\t\t\t\t<div class=\"elementor-element elementor-element-b26dce7 animated-slow elementor-invisible elementor-widget elementor-widget-image\" data-id=\"b26dce7\" data-element_type=\"widget\" data-settings=\"{&quot;_animation&quot;:&quot;zoomIn&quot;}\" data-widget_type=\"image.default\">\n\t\t\t\t<div class=\"elementor-widget-container\">\n\t\t\t\t\t<div class=\"elementor-image\">\n\t\t\t\t\t\t\t\t\t\t<img loading=\"lazy\" decoding=\"async\" width=\"463\" height=\"768\" src=\"https:\/\/lariviera1924.com\/wp-content\/uploads\/2021\/03\/250192290.jpg\" class=\"attachment-medium_large size-medium_large\" alt=\"\" srcset=\"https:\/\/lariviera1924.com\/wp-content\/uploads\/2021\/03\/250192290.jpg 463w, https:\/\/lariviera1924.com\/wp-content\/uploads\/2021\/03\/250192290-181x300.jpg 181w\" sizes=\"auto, (max-width: 463px) 100vw, 463px\" \/>\t\t\t\t\t\t\t\t\t\t\t<\/div>\n\t\t\t\t<\/div>\n\t\t\t\t<\/div>\n\t\t\t\t\t<\/div>\n\t\t<\/div>\n\t\t\t\t\t\t\t<\/div>\n\t\t<\/section>\n\t\t\t\t\t\t<\/div>\n\t\t\t\t\t<\/div>\n\t\t","protected":false},"excerpt":{"rendered":"<p>La Riviera, si trova a Loreo (RO), in una posizione centralissima di fronte al canale Naviglio, vicina alla fermata dell&#8217;autobus e alla stazione ferroviaria. Nelle immediate adiacenze, sono presenti tutti i servizi quali bar, ristoranti, pizzerie da asporto, supermercati, gastronomia, negozi vari, gelateria e altro. L&#8217;autodromo Adria International Raceway si trova a 5 minuti d&#8217;auto &#8230; <a title=\"Descrizione &#8211; La Riviera\" class=\"read-more\" href=\"https:\/\/lariviera1924.com\/?page_id=499\" aria-label=\"Leggi di pi\u00f9 su Descrizione &#8211; La Riviera\">Leggi tutto<\/a><\/p>\n","protected":false},"author":1,"featured_media":0,"parent":0,"menu_order":0,"comment_status":"closed","ping_status":"closed","template":"","meta":{"ngg_post_thumbnail":0,"footnotes":""},"class_list":["post-499","page","type-page","status-publish"],"yoast_head":"<!-- This site is optimized with the Yoast SEO plugin v16.1.1 - https:\/\/yoast.com\/wordpress\/plugins\/seo\/ -->\n<title>Descrizione - La Riviera - La Riviera&amp;un&quot;PO&quot;sulDelta<\/title>\n<link rel=\"canonical\" href=\"https:\/\/lariviera1924.com\/?page_id=499\" \/>\n<meta property=\"og:locale\" content=\"it_IT\" \/>\n<meta property=\"og:type\" content=\"article\" \/>\n<meta property=\"og:title\" content=\"Descrizione - La Riviera - La Riviera&amp;un&quot;PO&quot;sulDelta\" \/>\n<meta property=\"og:description\" content=\"La Riviera, si trova a Loreo (RO), in una posizione centralissima di fronte al canale Naviglio, vicina alla fermata dell&#8217;autobus e alla stazione ferroviaria. Nelle immediate adiacenze, sono presenti tutti i servizi quali bar, ristoranti, pizzerie da asporto, supermercati, gastronomia, negozi vari, gelateria e altro. L&#8217;autodromo Adria International Raceway si trova a 5 minuti d&#8217;auto ... Leggi tutto\" \/>\n<meta property=\"og:url\" content=\"https:\/\/lariviera1924.com\/?page_id=499\" \/>\n<meta property=\"og:site_name\" content=\"La Riviera&amp;un&quot;PO&quot;sulDelta\" \/>\n<meta property=\"article:modified_time\" content=\"2022-01-30T13:19:09+00:00\" \/>\n<meta property=\"og:image\" content=\"https:\/\/lariviera1924.com\/wp-content\/uploads\/2021\/03\/250192290.jpg\" \/>\n<meta name=\"twitter:card\" content=\"summary_large_image\" \/>\n<meta name=\"twitter:label1\" content=\"Tempo di lettura stimato\">\n\t<meta name=\"twitter:data1\" content=\"1 minuto\">\n<script type=\"application\/ld+json\" class=\"yoast-schema-graph\">{\"@context\":\"https:\/\/schema.org\",\"@graph\":[{\"@type\":\"WebSite\",\"@id\":\"https:\/\/lariviera1924.com\/#website\",\"url\":\"https:\/\/lariviera1924.com\/\",\"name\":\"La Riviera&amp;un&quot;PO&quot;sulDelta\",\"description\":\"\",\"potentialAction\":[{\"@type\":\"SearchAction\",\"target\":\"https:\/\/lariviera1924.com\/?s={search_term_string}\",\"query-input\":\"required name=search_term_string\"}],\"inLanguage\":\"it-IT\"},{\"@type\":\"ImageObject\",\"@id\":\"https:\/\/lariviera1924.com\/?page_id=499#primaryimage\",\"inLanguage\":\"it-IT\",\"url\":\"https:\/\/lariviera1924.com\/wp-content\/uploads\/2021\/03\/250192290.jpg\",\"contentUrl\":\"https:\/\/lariviera1924.com\/wp-content\/uploads\/2021\/03\/250192290.jpg\",\"width\":463,\"height\":768},{\"@type\":\"WebPage\",\"@id\":\"https:\/\/lariviera1924.com\/?page_id=499#webpage\",\"url\":\"https:\/\/lariviera1924.com\/?page_id=499\",\"name\":\"Descrizione - La Riviera - La Riviera&amp;un&quot;PO&quot;sulDelta\",\"isPartOf\":{\"@id\":\"https:\/\/lariviera1924.com\/#website\"},\"primaryImageOfPage\":{\"@id\":\"https:\/\/lariviera1924.com\/?page_id=499#primaryimage\"},\"datePublished\":\"2021-03-11T09:23:49+00:00\",\"dateModified\":\"2022-01-30T13:19:09+00:00\",\"breadcrumb\":{\"@id\":\"https:\/\/lariviera1924.com\/?page_id=499#breadcrumb\"},\"inLanguage\":\"it-IT\",\"potentialAction\":[{\"@type\":\"ReadAction\",\"target\":[\"https:\/\/lariviera1924.com\/?page_id=499\"]}]},{\"@type\":\"BreadcrumbList\",\"@id\":\"https:\/\/lariviera1924.com\/?page_id=499#breadcrumb\",\"itemListElement\":[{\"@type\":\"ListItem\",\"position\":1,\"item\":{\"@type\":\"WebPage\",\"@id\":\"https:\/\/lariviera1924.com\/\",\"url\":\"https:\/\/lariviera1924.com\/\",\"name\":\"Home\"}},{\"@type\":\"ListItem\",\"position\":2,\"item\":{\"@type\":\"WebPage\",\"@id\":\"https:\/\/lariviera1924.com\/?page_id=499\",\"url\":\"https:\/\/lariviera1924.com\/?page_id=499\",\"name\":\"Descrizione &#8211; La Riviera\"}}]}]}<\/script>\n<!-- \/ Yoast SEO plugin. -->","_links":{"self":[{"href":"https:\/\/lariviera1924.com\/index.php?rest_route=\/wp\/v2\/pages\/499","targetHints":{"allow":["GET"]}}],"collection":[{"href":"https:\/\/lariviera1924.com\/index.php?rest_route=\/wp\/v2\/pages"}],"about":[{"href":"https:\/\/lariviera1924.com\/index.php?rest_route=\/wp\/v2\/types\/page"}],"author":[{"embeddable":true,"href":"https:\/\/lariviera1924.com\/index.php?rest_route=\/wp\/v2\/users\/1"}],"replies":[{"embeddable":true,"href":"https:\/\/lariviera1924.com\/index.php?rest_route=%2Fwp%2Fv2%2Fcomments&post=499"}],"version-history":[{"count":219,"href":"https:\/\/lariviera1924.com\/index.php?rest_route=\/wp\/v2\/pages\/499\/revisions"}],"predecessor-version":[{"id":1284,"href":"https:\/\/lariviera1924.com\/index.php?rest_route=\/wp\/v2\/pages\/499\/revisions\/1284"}],"wp:attachment":[{"href":"https:\/\/lariviera1924.com\/index.php?rest_route=%2Fwp%2Fv2%2Fmedia&parent=499"}],"curies":[{"name":"wp","href":"https:\/\/api.w.org\/{rel}","templated":true}]}}